 h be 9/(-6)*(-8)/6. Suppose 4*x - 104 = h*x. Suppose 3*f = -x + 721. Is f a prime number?
True
Let b be ((-5)/(-6))/(50/300). Suppose -4*u + 106052 = b*x, -2*x + 48191 = 3*u - 31348. Is u a prime number?
True
Suppose -20*k + 2*k + 1765224 = 0. Suppose 3*s + k = 7*s. Is s prime?
True
Suppose v + 3*v - 3*l = -106, v - 2*l = -24. Let s be (-1)/(-4) + -6 + (-133)/v. Is (3 + (-3 - 1))/(s/191) a prime number?
True
Let o be (-272)/(-340)*60*1. Let k = 23 + -8. Let v = o - k. Is v a composite number?
True
Let z be 7 - 15/(-5 - (-9 - -1)). Is (3/z)/(-1)*7450/(-75) a prime number?
True
Suppose 0 = -44*g + 39*g - 19505. Is (-8 - -6 - g) + 0 prime?
False
Suppose 4*u + 2*i - 1688 = 0, u + 2*i - 422 = 6*i. Let v be (-62)/(-6)*(21 - (3 - 3)). Let a = u - v. Is a a prime number?
False
Let p = -216882 + 414635. Is p a prime number?
True
Suppose 3*k = 4*n - 4720, 5*n - 5901 = -0*k + 4*k. Let b = n + 3876. Is b prime?
False
Let w = 75628 - 47910. Is w composite?
True
Let p = -42564 - -63523. Is p a composite number?
False
Let b be 3*(64/(-12) - -4). Let s(m) = -15*m**2 - 8*m + 5. Let k(l) = 16*l**2 + 8*l - 6. Let x(o) = -3*k(o) - 4*s(o). Is x(b) a composite number?
True
Let q be (30 + 1)*(-388)/4. Let m = -764 - q. Is m a composite number?
False
Suppose 11*d + 24872 = 13*d. Let j = -7965 + d. Is j prime?
False
Let f = 356 + -354. Is f*((-86958)/144)/((-2)/8) prime?
True
Let m be (6 - 3)/(-3 - (-8000)/2666). Let k = m + -1699. Suppose 8093 = 3*a + k. Is a a composite number?
False
Let s(j) = -j**3 + 8*j**2 - 14*j + 93419. Is s(0) composite?
False
Let c(s) = 24*s**2 - 8*s - 41. Let n(x) = x - 1. Let p(a) = c(a) + 2*n(a). Is p(-11) a composite number?
False
Suppose 3*h = 4*j - 2, -4*j = 2*h - 1 - 11. Let k(l) = 1477*l + 4. Let v(w) = -738*w - 2. Let b(x) = h*k(x) + 5*v(x). Is b(-3) a prime number?
False
Let n = 32501 - -34608. Is n prime?
False
Suppose -13597*j = -13622*j + 9193025. Is j a prime number?
True
Let x = 543203 - 178030. Is x prime?
True
Suppose 2*u - 46*n + 47*n - 87298 = 0, -4*u + 174596 = -4*n. Is u composite?
False
Let g = -8 - -13. Suppose g*y + 5016 = 4*x, -3*x + x + 5*y + 2498 = 0. Is x a prime number?
True
Suppose i - 32778 - 140089 = -5*j, 3*i + j = 518545. Is i a prime number?
False
Let t = 690282 - 388171. Is t composite?
False
Let q be (-61533)/(-6) + (-8)/16. Suppose x + 4*r + 134 - 2179 = 0, 0 = -5*x - 5*r + q. Is x prime?
True
Let i(b) = -b**3 + 8*b**2 + 12*b - 26. Let c be i(9). Is c/((-73305)/(-18325) + -4) a composite number?
True
Let c be 10/(-45)*(-333)/(-3)*3. Let h = c + 79. Suppose 3*t - 294 - 1728 = h*w, -3404 = -5*t - 3*w. Is t a prime number?
False
Suppose 4*p - 15 = -p, -p = 4*i + 1. Is 33/(-165)*(i + -60654) a prime number?
False
Let l = -9 - -13. Suppose -1259 = -3*x + a + 3853, l*a = 4*x - 6808. Suppose -2*c + 2*w + 1678 = 0, -812 = -3*c - 3*w + x. Is c prime?
True
Suppose -13*x + 4200 = -3*x. Let n be (-1 - x)/(19/(-6) + 3). Suppose p = t + 153 + 478, -n = -4*p + 3*t. Is p a prime number?
False
Let y(q) = -6*q - 45. Let k be y(-8). Suppose 3*w = 5*c - 3389, -2*c - 675 = -k*c + 2*w. Is c a prime number?
False
Suppose 0 = 2*g + 3*h - 29084, 5*g - h - 90710 + 17983 = 0. Suppose 0 = 6*p - p - g. Is p a prime number?
True
Let g = 59077 - -549810. Is g a composite number?
False
Let c be 0 - (-10)/(-5) - -18. Let d(a) = -188 - c*a + 179 - 9*a. Is d(-8) composite?
False
Suppose -21*z - 3229 - 10757 = 0. Let x = -339 - z. Is x prime?
False
Let k(d) = 10*d**3 - 6*d**2 + 8*d + 24. Let g be k(4). Suppose -2*n + 334 = -3*n - x, 2*x = -4*n - 1342. Let p = n + g. Is p prime?
True
Suppose -44*s + 12610123 + 6407805 = -5593780. Is s prime?
True
Let i(o) = -16*o**3 + 6*o**2 + 3*o + 18. Let u = -35 - -37. Suppose u*d = 4*d + 10. Is i(d) a composite number?
False
Suppose 0*x = -x + 3. Suppose -20 = -x*a - h, -2*h - 6 = -5*a + 9. Is 19098/45*a/2 composite?
False
Is 398088 - (49/91 - 66/(-143)) prime?
True
Suppose -4 = -24*o - 4. Suppose -p + 187 + 171 = o. Is p a composite number?
True
Let x be 24/8*1 + 1 + 2892. Suppose 0 = -3*t + j + 1746, -x = -6*t + t - 3*j. Is t a composite number?
True
Let c = -43 + 213. Let q = 1075 + c. Suppose -q = -6*j + 597. Is j composite?
False
Let s be (3287/(-4))/(2 - 54/24). Suppose -5*w = t + s, -419 - 1544 = 3*w - 4*t. Is (-10 - -8) + 1/((-1)/w) a prime number?
False
Suppose 15*q = 21*q + 18. Let s(g) = -1286*g + 49. Is s(q) composite?
False
Let l(q) = 2*q**3 - 25*q**2 + 317*q + 109. Is l(33) a composite number?
False
Suppose -2*l + 6*l = 4*s, -3*s = -5*l + 4. Suppose l*b - 1391 = -3*a + 4078, 5*a - 9099 = 2*b. Is a a prime number?
False
Let h(a) = a**3 + 19*a**2 - 7*a - 9. Let s(z) = z**2 - 10*z - 6. Let q be s(13). Suppose 0 = -6*b - q - 15. Is h(b) composite?
False
Let o(i) = -i**3 - 13*i**2 - 4*i - 12. Let c be o(-13). Suppose 7*j - c = -j. Suppose j*a = 2081 + 144. Is a a composite number?
True
Suppose -5848 = -14*u + 96002. Suppose 5*g - u = 4*k, 23*g = 26*g - 4*k - 4357. Is g a composite number?
False
Suppose -6 = -7*d + 99. Let n = -17 + d. Is n*2 - (-69 - -10) a prime number?
False
Let q = -63 - -55. Let i = 10 + q. Suppose -7723 = -3*o - 2*o + 2*m, 8 = -i*m. Is o composite?
False
Let t(g) = 3*g**3 - 17*g**2 - 271. Is t(18) a prime number?
True
Suppose j - 17440 - 127807 = -x, 4*x - 581036 = 4*j. Is x a composite number?
False
Suppose 2*s - 174231 = 5*o, 3*s - 261304 = -10*o + 9*o. Is s a prime number?
True
Is (5430876/11 - 11) + 4 a prime number?
True
Is (-39)/(-26)*(-3 + (-2768705)/(-15)) a prime number?
False
Let g(j) = -2*j**3 + 4*j**2 - 17*j - 14. Suppose -2*r - 8 - 10 = -2*t, -9 = 2*r - 5*t. Is g(r) prime?
False
Suppose 7*d + 2*d = 2*d. Suppose -v - 5*m + 5569 = 0, -5577 = -d*v - v - m. Is v a composite number?
True
Is 0/9 + -8 + 330279 composite?
False
Let n = 7 - -6. Let o = n + -21. Let w(i) = 25*i**2 + 4*i - 25. Is w(o) a prime number?
True
Let u(s) = 6983*s**2 + 48*s + 2. Is u(5) a prime number?
False
Let o(a) = 1323*a**3 + 30*a**2 - 83*a + 71. Is o(11) a prime number?
True
Let h(b) = -461*b**3 - 33*b**2 - 132*b + 67. Is h(-5) a prime number?
True
Let j = 24597 - -26660. Is j a composite number?
False
Let x be -2859*(-4 + (-12)/(-4)). Let n = x + -806. Is n a composite number?
False
Suppose 7*f = 3*f + 400. Let l = 63 + -32. Let z = f + l. Is z a composite number?
False
Let c(j) = 36*j**2 + 17. Let t = -372 + 392. Is c(t) prime?
False
Suppose 26*o = 10*o + 32. Suppose n + 2643 = o*s - 0*n, 1299 = s + 4*n. Is s composite?
False
Suppose 10*a - 555818 = -4*h, -5*a = -31*h + 34*h - 277916. Is a a composite number?
False
Let k(q) = -288*q - 69. Let h be k(7). Let l = 11491 + h. Is l composite?
True
Let a = 4 - -7. Let q = a + -7. Suppose -3*y + q*y - 1169 = 0. Is y prime?
False
Let i = 61 - 32. Let a = i + -12. Let c(b) = 237*b - 40. Is c(a) a composite number?
False
Suppose -3994 = 3*t - 4*t + x, 0 = -3*t - 2*x + 12002. Suppose 2*b - 1996 = l, b = -3*b + 5*l + t. Is b a prime number?
True
Let q(d) = -12983*d - 486. Is q(-1) composite?
False
Suppose 5*t + 8 = -c, -t + 3 - 5 = 0. Is (c - (5 - 6))/(6/17326) a composite number?
False
Let y(v) = -5798*v - 9379. Is y(-21) prime?
False
Let o = 114797 - 52446. Is o prime?
True
Let k(c) = -995*c**3 - 11*c**2 + 33*c + 3. Is k(-6) composite?
True
Let l = -50 - -54. Let o be ((-2 - l) + 2)/(6/(-780)). Let m = o + -249. Is m prime?
True
Let z(l) = 13471*l + 254. Is z(12) composite?
True
Suppose 0 = g + 4*s + 14, g - 4*g - 4*s - 82 = 0. Let b = g - -39. Suppose 2*k = -m + 5*k + 773, b*m - k = 3837. Is m a prime number?
False
Let k = -79 - -81. Let i(v) = 2971*v + 9. Is i(k) prime?
False
Let v = 527 - 516. Let s = 1473 - -7407. Suppose 3*r = -3*d + s, v*r - 15*r + 4 = 0. Is d prime?
False
Let r = 961 + 79. Let f(b) = 7*b**3 + 2*b**2 - 2*b - 1. Let t be f(-4). Let q = t + r. Is q a composite number?
False
Let d = 44899 - 6600. Is d composite?
False
Let x(f) = -3*f + 20. Let m(u) = u**3 + 18*u**2 - 19*u + 7. Let r be m(-19). Let v be x(r). Is 381/(-12)*(-27 + v) a composite number?
True
Suppose y - 9 = -3*z + 1, -5*y + 5*z = -90. Suppose -4*h + y = -4*c, 6*h - 5*h - 8 = 5*c. Suppose -n + h*o + 3841 = 0, 3851 = 2*n - n + 2*o. Is n prime?
True
Let u = -27057 + 1032260. Is u prime?
True
Suppose 4*h - 2 = -2*t - 0, 4*h = -3*t - 1. Let g(v) = 215*v**2 + 2*v. 